posite?
True
Is 1195616723 a composite number?
True
Is 1752726259 composite?
True
Is 8445039887 a prime number?
True
Is 33515731331 composite?
False
Is 69970019 prime?
False
Is 752698589 a composite number?
False
Is 4338952703 a composite number?
True
Is 67445663 composite?
False
Is 20511898493 a composite number?
False
Is 366836627 a prime number?
True
Is 1579930171 prime?
True
Is 10656898379 prime?
True
Is 63226577 composite?
True
Is 729952427 a composite number?
True
Is 280250027 composite?
True
Is 104264133 composite?
True
Is 23523555161 prime?
True
Is 150429731635 composite?
True
Is 88350369967 a composite number?
False
Is 7321491601 a composite number?
False
Is 2204222222 composite?
True
Is 3313901281 composite?
False
Is 794072569 a prime number?
True
Is 481070987 a composite number?
True
Is 3371415419 prime?
True
Is 42458426753 prime?
True
Is 38326241561 a prime number?
True
Is 10118924521 a prime number?
True
Is 1945179317 a composite number?
True
Is 8415054503 a composite number?
False
Is 6162127397 a prime number?
True
Is 40504369 a prime number?
False
Is 151698664357 prime?
False
Is 5117450813 prime?
True
Is 11714390258 prime?
False
Is 1516738957 composite?
True
Is 235739626663 composite?
False
Is 38839213453 composite?
False
Is 57037386719 composite?
True
Is 1349750573 a composite number?
False
Is 124095191 a prime number?
False
Is 7585356505 composite?
True
Is 12668366021 a composite number?
True
Is 229962311 a prime number?
False
Is 184121881 prime?
True
Is 702424397 a composite number?
True
Is 57202413913 a composite number?
False
Is 174873287 a prime number?
False
Is 1468876219 composite?
False
Is 17219384851 composite?
True
Is 145461924503 prime?
False
Is 1314070637 prime?
False
Is 66669701 prime?
False
Is 295066507 composite?
False
Is 6091147789 prime?
False
Is 40529440373 a composite number?
False
Is 2146573229 prime?
True
Is 1979463461 a composite number?
True
Is 3040650091 a composite number?
False
Is 36819565613 a composite number?
True
Is 5156059309 a composite number?
False
Is 26079155741 composite?
True
Is 340439493 a prime number?
False
Is 399400679 prime?
False
Is 1142954711 a prime number?
True
Is 373379415317 prime?
True
Is 101750707 a composite number?
True
Is 23645021 a prime number?
False
Is 548238739 a composite number?
False
Is 11127629 composite?
False
Is 363889748741 prime?
False
Is 3701754253 prime?
True
Is 735132011 a composite number?
False
Is 77175227 a composite number?
False
Is 45258065369 composite?
True
Is 334960631 a prime number?
True
Is 1589809801 prime?
False
Is 31324635011 prime?
True
Is 1106715751 composite?
True
Is 184055083 a prime number?
False
Is 260596579 a composite number?
False
Is 631392929 composite?
False
Is 60604691207 a prime number?
False
Is 4592765967 prime?
False
Is 70027240831 prime?
False
Is 23664382601 composite?
True
Is 63225999833 composite?
True
Is 898524527 a prime number?
True
Is 3854822953 a prime number?
True
Is 59234666971 prime?
False
Is 85288155257 prime?
True
Is 198332941 a composite number?
True
Is 17293314081 a prime number?
False
Is 402358469 a composite number?
False
Is 1959609259 a composite number?
True
Is 11824847767 composite?
False
Is 5564066681 a composite number?
False
Is 36105010933 a composite number?
True
Is 2046624719 a prime number?
True
Is 102348317 prime?
True
Is 5008508749 prime?
True
Is 130268615549 prime?
False
Is 12783738287 prime?
True
Is 1255176903 composite?
True
Is 2924116577 a prime number?
False
Is 872140333111 prime?
True
Is 3154903691 a composite number?
True
Is 3347402563 composite?
False
Is 97496723 composite?
True
Is 169512103 a prime number?
True
Is 533846921 prime?
True
Is 182826691511 prime?
True
Is 50484323219 a prime number?
False
Is 1306106903 a prime number?
True
Is 23461154851 prime?
True
Is 26611022131 a composite number?
True
Is 2574657083 prime?
False
Is 1118352731 prime?
True
Is 1712242267 composite?
False
Is 66078591 prime?
False
Is 8091803 a prime number?
True
Is 58923528227 prime?
True
Is 1560476207 a composite number?
True
Is 14016516721 a prime number?
True
Is 3450119581 prime?
False
Is 22806002413 a composite number?
True
Is 5393549794 a composite number?
True
Is 18476515907 a composite number?
False
Is 254722747379 a composite number?
True
Is 12049563167 prime?
False
Is 112834063 a prime number?
True
Is 4820979593 a composite number?
True
Is 2945122841 prime?
True
Is 1908076561 a prime number?
True
Is 132411497327 prime?
True
Is 35684617123 a composite number?
False
Is 173771207873 a prime number?
False
Is 50315237209 a prime number?
False
Is 2374203947 prime?
True
Is 1479856871 prime?
True
Is 19184339589 a composite number?
True
Is 2513063599 prime?
True
Is 1966147951 a prime number?
True
Is 4456150441 a prime number?
False
Is 384005117 a composite number?
True
Is 645090097 a composite number?
True
Is 413077183 a prime number?
False
Is 3544438867 prime?
True
Is 31293810557 a composite number?
True
Is 14074215581 prime?
True
Is 18386963729 composite?
False
Is 76178214853 a prime number?
False
Is 17739876923 composite?
True
Is 1259156473 prime?
False
Is 847933447 prime?
True
Is 1455903731 a prime number?
True
Is 112184419 a prime number?
True
Is 268203953 a composite number?
True
Is 6294545177 composite?
True
Is 11814040807 a prime number?
True
Is 238474297 a composite number?
False
Is 10513160503 a prime number?
False
Is 21467657513 composite?
False
Is 13211298407 composite?
False
Is 193055235569 a prime number?
False
Is 33630757 composite?
True
Is 3401250079 a prime number?
False
Is 5533631419 prime?
True
Is 269702341 composite?
False
Is 1768377311 composite?
False
Is 1019522467 composite?
False
Is 52203807499 composite?
False
Is 49281586363 a composite number?
True
Is 9796250143 a composite number?
False
Is 24018569447 a composite number?
True
Is 8603533901 composite?
False
Is 1997878897 composite?
True
Is 24919246067 a prime number?
False
Is 2713316855 a composite number?
True
Is 411608839 composite?
True
Is 32254926541 a prime number?
True
Is 397493293 composite?
True
Is 9088415353 a composite number?
False
Is 1318899037 a prime number?
True
Is 6093102763 a composite number?
True
Is 35748784301 prime?
True
Is 1389143271 prime?
False
Is 20122847971 a composite number?
False
Is 20826992443 composite?
True
Is 896520659 composite?
False
Is 783627997 composite?
False
Is 4058360897 prime?
True
Is 66706852561 a prime number?
True
Is 431698979 composite?
False
Is 2416156651 composite?
False
Is 1060667227 a composite number?
True
Is 1114911521 a prime number?
True
Is 1694893181 prime?
False
Is 2823276931 a composite number?
False
Is 192766867 a composite number?
False
Is 233369159 composite?
False
Is 40191719 a prime number?
True
Is 692346661 composite?
True
Is 9080341157 a composite number?
False
Is 2002051511 a composite number?
True
Is 1070880029 a composite number?
False
Is 1348017611 prime?
True
Is 12250074143 a composite number?
False
Is 6405802271 composite?
True
Is 16226939117 prime?
True
Is 5359047769 composite?
True
Is 495415399 composite?
True
Is 5330537783 a prime number?
True
Is 2297661679 a composite number?
False
Is 487596999 a prime number?
False
Is 8593091057 a composite number?
True
Is 4298260669 prime?
False
Is 485692811 a composite number?
True
Is 3277729769 composite?
False
Is 749214143 a composite number?
True
Is 37609369087 a composite number?
False
Is 34017889223 prime?
False
Is 1209331567 a composite number?
True
Is 634695227 prime?
True
Is 203711281 composite?
False
Is 139828076603 a prime number?
False
Is 2523462537 a composite number?
True
Is 20787687353 composite?
True
Is 41667476941 a composite number?
True
Is 3263267497 composite?
True
Is 18601949999 a composite number?
False
Is 567609611 prime?
True
Is 10141665865 a prime number?
False
Is 1515921809 composite?
False
Is 1543663813 prime?
True
Is 1086585827 prime?
False
Is 2573981821 a composite number?
False
Is 738350573 composite?
True
Is 2823832577 composite?
False
Is 56306233327 a prime number?
True
Is 46882782073 a composite number?
True
Is 66115013 a composite number?
False
Is 200474965247 a prime number?
False
Is 671655181 a composite number?
False
Is 30448664863 a prime number?
False
Is 200183939 composite?
False
Is 14501903611